 = -3*o - 2. Let b be 0*(14/8)/7 + 5. Suppose b - 35 = 15*v. Calculate i(v).
4
Let w(v) be the first derivative of 2*v**6/45 - v**5/40 - v**4/12 + 71*v**3/3 + 137. Let b(f) be the third derivative of w(f). Give b(-1).
17
Let d(q) = q. Suppose -48 = 3*h - 36. Let i be -40 - (5 + 3 + h). Let o = -43 - i. Determine d(o).
1
Suppose -139 = -26*j + 7*j - 329. Let t(g) = -g**3 - 12*g**2 - 24*g - 46. Determine t(j).
-6
Let t = 3 - 0. Suppose s - 3 = 4*w, t*w + w = 4*s. Let b(c) = 169*c**2 + 1 + 102*c**3 - 168*c**2 - 107*c**3 + 2*c. What is b(s)?
5
Let i(z) = -7*z**2 + z. Let h = -4790 + 4791. Determine i(h).
-6
Let k(t) = 74*t - 168. Let g(f) = -223*f + 559. Let u(v) = 2*g(v) + 7*k(v). Determine u(1).
14
Let r be 24/(-5) + (-2)/10. Let x(k) be the second derivative of k**5/20 + k**4/2 + k**3 + 3*k**2/2 + 7*k - 540. Determine x(r).
-2
Let a be (102/(-374))/(3/(-77)). Let s(w) = 51*w - 352. Give s(a).
5
Suppose 191*c = 217*c - 9152. Let h = c - 351. Let m(a) = 6*a**2 - 2*a + 1. What is m(h)?
5
Let q(j) be the third derivative of -j**4/4 - 53*j**3/6 + 453*j**2. Determine q(-7).
-11
Let v(g) = g**3 + 3*g**2 - 5*g - 1. Let f be v(-4). Suppose 2*r - 12 = f*z, -4*z - 13 - 1 = -2*r. Let h(y) = y + r + y**2 + 6*y + y - 2*y. Give h(-6).
3
Let p(j) = -1347*j**3 - 1354*j**3 + 11*j**2 - 1346*j**3 - 1352*j**3 + 5398*j**3 - 45 + 5*j. What is p(11)?
10
Let c = 177 + -174. Let y(o) = 0*o**c + 5*o**2 - 2*o + 5 + o**3 + 0*o - o. Give y(-5).
20
Let k(x) = -19 + 17 + 2*x + x**2 + x. Let c(r) = r**3 - 7*r**2 + 3*r + 11. Let q be c(6). Let h be (2 + q - -3) + -2. Give k(h).
2
Let p(a) = -a**3 - 10*a**2 + 8*a - 3. Suppose 0 = 3*o - l + 30, 2*l = 49*o - 54*o - 39. Give p(o).
-156
Suppose 2*w + b - 2*b - 77 = 0, 157 = 4*w - b. Let o(m) = 3*m**2 + 5*m - 2. Let c be o(-5). Let t = w - c. Let h(d) = d + 6. Determine h(t).
-2
Let m(w) = -6*w**2 + w. Let c be m(-1). Let q(h) = 195 - 72 + 3*h - 59 - 66. Give q(c).
-23
Let f(j) be the second derivative of -j**3/6 - 5*j**2/2 + 19*j. Let b(i) = -i**3 + 7*i**2 + 48*i - 49. Let u be b(11). Determine f(u).
0
Let r(b) = -18*b + 270. Suppose -3642*o + 3641*o - 2 = -2*s, -3*o + 21 = -3*s. Calculate r(o).
-18
Suppose 0 = -9*n - n - 15*n. Let g(k) = 2*k**3 + k**2 + 11. What is g(n)?
11
Suppose 38 = 2*n - 26. Let u be (24/(-16))/((-6)/n)*1. Suppose 4*v - u = 4*l, 0 = 3*v - 5*l + 3*l - 7. Let m(c) = 2*c + 3. Determine m(v).
9
Suppose z - 7 = a, -5*z = a + 6 + 7. Let x(u) = -14 + 16 - 2*u - 18 - 6. Determine x(a).
-6
Let t(h) = -h**2 - h - 12. Let m = 206 + -113. Suppose -8*n - 93 = -m. Calculate t(n).
-12
Let w(o) be the third derivative of o**8/10080 + o**7/2520 + o**5/60 + 15*o**3/2 - 110*o**2. Let y(q) be the third derivative of w(q). Calculate y(-2).
4
Let v(p) be the third derivative of -p**5/60 + 5*p**4/12 - 9*p**3/2 - 705*p**2. What is v(8)?
-11
Let i(j) be the third derivative of j**5/60 + 13*j**4/24 + 7*j**3/2 + j**2 - 23382. Suppose -5*o = -0*o + 50. Determine i(o).
-9
Let t(n) = -29*n + 577. Let m be t(20). Let w(x) = -2*x**3 - 7*x**2 - 2*x - 15. Give w(m).
-18
Let t(x) be the first derivative of -10/3*x**3 - 36*x + 1/2*x**2 + 10. Let p(f) be the first derivative of t(f). What is p(-1)?
21
Let n(x) be the second derivative of 4*x**3/3 + x**2/2 + 9*x + 90. Let p(c) = -c + 1. Let v = -15 + 17. Let y be p(v). Give n(y).
-7
Let n be (-17)/(-34)*-1*(-2 + 4). Let m(b) be the first derivative of -20*b**3/3 + b**2/2 + b - 21. Give m(n).
-20
Let i(g) = 5*g + 2. Let y = -1246 - -1245. What is i(y)?
-3
Let o(t) = -5*t. Suppose 12 = 15*f - 13*f. Let v(q) = -14*q. Let y(z) = f*v(z) - 17*o(z). What is y(-6)?
-6
Let j(d) = -31*d + 98. Suppose 0 = 2*w + 4*i + 120 - 106, 4*w = 4*i + 32. Give j(w).
5
Suppose 5*i - 3*i - 21 = 5*b, 0 = -3*b - 4*i - 23. Let v be 2 - ((-11 - b) + 6). Let s(k) = 3*k**3 - 2*k. Determine s(v).
20
Let b be (-2 + 4/1)/1. Let l(m) = 4 - 3 + m**b + m**3 + 8*m**2 - 8 - m. Calculate l(-9).
2
Let t(l) = -2*l + 49. Let n(g) = -3*g + 48. Let i(r) = -6*n(r) + 5*t(r). Let w be i(6). Suppose 0 = 2*h, -j - w*h = -4*j - 18. Let v(s) = -s - 6. Give v(j).
0
Let w(x) = -5*x**3 + 14*x**2 - 9*x - 13. Let p(u) = 79*u**2 + u**3 + 2 - 80*u**2 - 1. Let c(n) = 6*p(n) + w(n). Suppose 4*b - 5*b - 9 = 0. What is c(b)?
-7
Suppose -144 = -110*d + 76. Let o(j) be the third derivative of -j**5/20 + j**4/12 + 3*j**2. What is o(d)?
-8
Let w(v) = v**3 - 3*v**2 - 2*v - 2. Suppose 3*u - 7 = 2*u. Let d(i) = -i**3 + 7*i**2 - 2*i + 17. Let l be d(u). Suppose l*o - 15 = -3. Calculate w(o).
6
Let h(y) be the second derivative of y**8/6720 + 2*y**7/315 - y**5/30 + 3*y**4/2 + y**3/3 - y - 1. Let a(g) be the third derivative of h(g). Calculate a(-16).
-4
Let k(d) = -4424*d - 16*d**3 + 2 + 2*d**2 + 2215*d + 2206*d. Calculate k(2).
-124
Suppose 15*h = -89 + 134. Let k(z) = 2*z - 1. Give k(h).
5
Suppose 2*b = 5*r - 5, b + 2*r - 5 = -3*r. Suppose 34 = -3*k + 43. Let p(h) = -2 + h + 0 - 2903*h**k + 2904*h**3. Calculate p(b).
-2
Let z(r) = -224*r + 443. Let q be z(2). Let s(t) be the third derivative of -t**5/60 + t**3/2 + 6*t**2. Calculate s(q).
-22
Let t = -110 - -109. Let v be t + -8*(-5)/10. Let g(s) = 3*s - 1. What is g(v)?
8
Suppose 179 - 23 = 10*z + 76. Let b(j) = j + 23. Give b(z).
31
Let u(l) = 5*l**3 + 7*l**2 - 2*l + 13. Let p(a) = -9*a**3 - 5503*a + 5505*a - 6*a**2 + 2*a**3 - 13. Let j(z) = -3*p(z) - 4*u(z). Calculate j(10).
7
Let y(s) = 4*s**2 + 8*s + 5. Suppose -22*n + 180 = -2*n. Let m(r) = r**2 + 2*r + 1. Let c(z) = n*m(z) - 2*y(z). Give c(1).
2
Let x(a) = -5*a + 1. Let o(y) = -21*y + 20. Let u(g) = -o(g) + 7*x(g). What is u(-1)?
1
Let g(w) = w**2 + 3*w - 21. Let i be g(0). Let l be 238/i - (-2)/6. Let t be 42/l + (-5 - (-53)/11). Let k(j) = -j**3 - 4*j**2 - 5. Determine k(t).
-5
Let j(o) = -o**2 + 6*o + 2. Suppose -3*b = -4*n + 34, 45 = -5*b - 3*n - 2*n. Let q be 4*3/(-6)*5/10. Let v be (-58)/b - q/5. What is j(v)?
2
Let o(b) be the third derivative of 5*b**4/12 + 103*b**3/6 - 450*b**2 + 2. Determine o(-9).
13
Suppose -51*m = -46*m - 170. Suppose -m = -5*b + 4*d, b - 2*d = 3*d + 11. Let k(c) = -c**2 + 7*c + 1. Determine k(b).
7
Let p = 10 + -1. Let a(v) = -41 - 39 + 120 - 38 - v + 2*v. What is a(p)?
11
Let p be (15/11)/((-15)/3300*-20). Let d(i) = 35*i - 518. Give d(p).
7
Let m(r) be the second derivative of 5*r**2 + 0 - 1/12*r**4 + 1/3*r**3 - r. Let j be m(-3). Let p(g) = g**2 + 3*g + 6. Determine p(j).
16
Let n(i) = i + 5. Let d be (12566/(-183))/((-2)/(-9)). Let f = 302 + d. Determine n(f).
-2
Let d(w) = w - 2. Let l(b) = -b**3 - 10*b**2 - 11*b - 27. Let z = -32 + 23. Let y be l(z). Give d(y).
-11
Let i(h) = -2*h**3 + 31*h**2 + 836*h + 9. Let v(n) = -n**3 + 15*n**2 + 385*n + 4. Let j(b) = -6*i(b) + 13*v(b). Determine j(7).
19
Let a(d) = -7*d + 286. Let r be (-21)/6*-24*(-16 - -18)/4. Calculate a(r).
-8
Let b(t) be the second derivative of -t**5/20 + 5*t**4/12 + 5*t**3/6 + 2*t**2 + 2*t. Let w = -758 + 533. Let l be (-1300)/w - 4/(-18). Calculate b(l).
-2
Suppose 0 = 7*b + 13*b - 1140. Let w(x) = 6 + 164*x**2 - 54*x**2 - b*x**2 - 54*x**2 + 3*x. What is w(5)?
-4
Suppose -11*h = 11*h + 5*h. Suppose h = 5*n - 2*r - 3*r - 30, -r - 4 = 0. Let i(k) = k**3 - 2*k**2 + 4*k - 3. Determine i(n).
5
Suppose 88*s - 2519 = -3927. Let a(t) = -t**2 - 17*t + 28. Give a(s).
44
Let v(q) = q**2 + 13*q + 5. Let s(u) = u**2 - 15*u + 12. Let m be s(13). Give v(m).
19
Let j = 69 - 71. Let n = 11 + j. Let h(v) = -v + 4 - n - 2 - 1. Calculate h(-7).
-1
Let f(y) = 180 - 4*y**2 + 3*y**2 - 177 - 6*y. Let s(i) = 11*i + 92. Let v be s(-9). Determine f(v).
-4
Let r(x) = 13*x - 128. Let u be r(10). Let q(w) = w**3 - 5*w**2 + 8*w - 6. What is q(u)?
-2
Suppose 8*o - 6958 = 2754. Let x(j) = -o*j + j**2 + 607*j + 616*j - 3. What is x(-9)?
-3
Let j(b) = -4*b**3 + 32 - b**2 - 34 + b**3 + 2*b**3. Calculate j(-2).
2
Let t(u) = 3*u + 18. Let j = -3015 - -3023. Give t(j).
42
Let j(w) be the second derivative of 5/12*w**4 + 1/20*w**5 - w**3 + 0 - 60*w + 7/2*w**2. Determine j(-6).
7
Let t(j) = 3*j**3 + j**2 + j + 1. Let u be 1 + 6 - (-28 - -31). Suppose x = 3, n = 2*n - 3*x + 3. Suppose -2*d - 3*o = o - n, o - u = 2*d. Calculate t(d).
-2
Let c(u) = -23*u + 19. Let j be c(-3). Let p = j - 83. Let h(t) = -t**3 + 7*t**2 - 7*t + 3. Calculate h(p).
18
Let p(g) = 12*g - 3. Let t be 8*(-20)/72 - (-114)/51